
b00
In base 3, what is -12 + 210020211?
210020122
In base 14, what is 139 - -28?
163
In base 15, what is -19 + -261?
-27a
In base 3, what is -100 + -12212220?
-12220020
In base 12, what is 39921 + -1?
39920
In base 14, what is 2dc8 + 1b?
3005
In base 6, what is 0 + 42154?
42154
In base 3, what is 1211221 + 1211112?
10200110
In base 15, what is 5 + -e2d5?
-e2d0
In base 4, what is -1111 + -30022?
-31133
In base 7, what is -330 - 426?
-1056
In base 2, what is 110111011 - 10011001111?
-1100010100
In base 16, what is -614 + -3?
-617
In base 13, what is 3 - 5ac85?
-5ac82
In base 12, what is 59 - -9a?
137
In base 12, what is 4698 - -a?
46a6
In base 14, what is -106c + -ba?
-1148
In base 15, what is -3 + -4433d?
-44341
In base 5, what is 134232444 + 3?
134233002
In base 12, what is -649a + 1?
-6499
In base 2, what is 100000100011 - 10101100111?
1010111100
In base 2, what is 1000111010011 - 100110?
1000110101101
In base 8, what is 3 - -555034?
555037
In base 5, what is 403 - 4212?
-3304
In base 6, what is 1 + -241042?
-241041
In base 2, what is 111011001 + -100110100?
10100101
In base 16, what is -2 - 7d543?
-7d545
In base 10, what is 422 - 29?
393
In base 14, what is -4 + -6d96?
-6d9a
In base 6, what is -2400233 - 2?
-2400235
In base 3, what is -100101 - 1210?
-102011
In base 7, what is -310421 - 4?
-310425
In base 2, what is 100100011 + 1000101010?
1101001101
In base 11, what is a + -1354?
-1345
In base 8, what is 4 - 73026?
-73022
In base 14, what is 99746 + -1?
99745
In base 15, what is -9 + -6113?
-611c
In base 8, what is -21243 + 7?
-21234
In base 13, what is 16918 - -16?
16931
In base 7, what is -462 + -64?
-556
In base 2, what is -10011011010 - -111?
-10011010011
In base 8, what is 36 - -3213?
3251
In base 9, what is -2 + 45805?
45803
In base 9, what is 3130 - -20?
3150
In base 11, what is -30a325 + 5?
-30a320
In base 14, what is 1 - -13a8c6?
13a8c7
In base 15, what is 27cd - 177?
2656
In base 10, what is 26444 - 14?
26430
In base 16, what is 2 - 18ea?
-18e8
In base 14, what is 159a5 + 1a?
159c1
In base 12, what is -69 + ab3?
a46
In base 7, what is 3 - -55005?
55011
In base 10, what is 852 + -1254?
-402
In base 16, what is -82cb - 4?
-82cf
In base 6, what is -250220204 + -3?
-250220211
In base 5, what is 3 - 1244324?
-1244321
In base 15, what is -801 + -46?
-847
In base 8, what is -62 + -4434?
-4516
In base 6, what is 2013144 - 3?
2013141
In base 3, what is -1000120 + -110?
-1001000
In base 7, what is -56102 - -3?
-56066
In base 9, what is 31205 + 10?
31215
In base 3, what is 20020 + 122201?
212221
In base 13, what is -4cc95 - -8?
-4cc8a
In base 8, what is -16 + -101506?
-101524
In base 15, what is e + -5eb3?
-5ea4
In base 16, what is 3 + -4107?
-4104
In base 11, what is 27 - 1593?
-1567
In base 6, what is -33 - -52440?
52403
In base 16, what is 3ab + 1d3?
57e
In base 9, what is 1 - 10157?
-10156
In base 4, what is -31230 - -20013?
-11211
In base 13, what is 21c49 - c?
21c3a
In base 7, what is 1 + 2225206?
2225210
In base 9, what is 531 + -83?
437
In base 12, what is -77692 + -59?
-7772b
In base 5, what is -423 + -1221?
-2144
In base 9, what is -4865 - 4?
-4870
In base 14, what is bc92d + -5?
bc928
In base 7, what is 125334 - 5?
125326
In base 13, what is -33 + -65c0?
-6623
In base 4, what is -1003313 + 30323?
-312330
In base 4, what is -3113220110 - -2?
-3113220102
In base 4, what is 1 + -1320223?
-1320222
In base 14, what is 3 + 2dc8d?
2dc92
In base 5, what is 2124 - 3014?
-340
In base 13, what is 10b2 - -b4?
1196
In base 10, what is 5571096 + -5?
5571091
In base 11, what is 17 - 2a390?
-2a374
In base 10, what is 193 + 316?
509
In base 13, what is 2c - -2bc22?
2bc51
In base 9, what is 5707 + -5?
5702
In base 6, what is -2003310 + 12?
-2003254
In base 7, what is 1241330 + 0?
1241330
In base 4, what is 1 + -2021201000?
-2021200333
In base 11, what is 11a8 + -8?
11a0
In base 13, what is 3335 + 45?
337a
In base 11, what is -72917 - 0?
-72917
In base 14, what is -18b0c + c?
-18b00
In base 15, what is -2781d + 0?
-2781d
In base 13, what is 6 + 4599?
45a2
In base 16, what is e94ca + 3?
e94cd
In base 11, what is 11 - 179849?
-179838
In base 14, what is -9 - 2d1?
-2da
In base 7, what is 24 - -11035?
11062
In base 16, what is f72 - -93?
1005
In base 11, what is 316168 + -4?
316164
In base 5, what is -14342 + -111234?
-131131
In base 6, what is -14312052 + -2?
-14312054
In base 8, what is -2154 - -450?
-1504
In base 3, what is 1120221 - -102?
1121100
In base 6, what is -10045 - 100?
-10145
In base 7, what is -2 - 144466?
-144501
In base 2, what is -1111010110 + -1010?
-1111100000
In base 6, what is -500 + -15511?
-20411
In base 16, what is -399 + 2?
-397
In base 5, what is 1020 + 24304?
30324
In base 5, what is -212 - -103030?
102313
In base 10, what is -32191 + 2?
-32189
In base 15, what is 41ae - 5?
41a9
In base 16, what is a - -1d4?
1de
In base 5, what is -3200001 - -22?
-3144424
In base 6, what is 252531 - 120?
252411
In base 3, what is 220000102011022 + 1?
220000102011100
In base 9, what is 0 + 73223?
73223
In base 16, what is 4 + 12?
16
In base 6, what is 4 - -3520514?
3520522
In base 4, what is -23 + 200021?
133332
In base 9, what is -238 - -2204?
1855
In base 3, what is -10 - -101101121?
101101111
In base 3, what is -20010 + 100222?
10212
In base 3, what is 10110 + -110022?
-22212
In base 9, what is -14 - 16103?
-16117
In base 15, what is 157 - 564?
-40c
In base 6, what is 35321 - -133?
35454
In base 11, what is -8925 - 14?
-8939
In base 2, what is 11100000100110010 - 10?
11100000100110000
In base 3, what is -110200 + 2101200?
1221000
In base 16, what is f70 - 7?
f69
In base 4, what is -300122030 + -11?
-300122101
In base 16, what is 26f3 - 1?
26f2
In base 6, what is -45 + 3?
-42
In base 16, what is -ec + 3c7?
2db
In base 8, what is -1004771 + -5?
-1004776
In base 2, what is 10001 - 110101011111000?
-110101011100111
In base 8, what is -415 - -414?
-1
In base 3, what is 0 + 20011012021?
20011012021
In base 4, what is -202112130 - -121?
-202112003
In base 8, what is -5 + 144336?
144331
In base 2, what is -10000101 + -1011011100110?
-1011101101011
In base 10, what is 4490 + 1443?
5933
In base 11, what is 5 + 1849?
1853
In base 12, what is 25 + 2377?
23a0
In base 4, what is 12 - 21301?
-21223
In base 10, what is 172 - 553?
-381
In base 7, what is -5056353 - -2?
-5056351
In base 12, what is 0 + -187b?
-187b
In base 9, what is -16421 + -11?
-16432
In base 5, what is 3 - -3200111?
3200114
In base 9, what is -17574 - -3?
-17571
In base 5, what is -11020103 + 11?
-11020042
In base 11, what is -28 - 16a6a?
-16a97
In base 12, what is 199 - -210?
3a9
In base 13, what is b4aa + -b?
b49c
In base 8, what is 0 - 2276346?
-2276346
In base 9, what is 15 - -22188?
22214
In base 7, what is -62006 - 5?
-62014
In base 4, what is 11 + 20313201?
20313212
In base 2, what is 10110010 + -11110011101?
-11011101011
In base 15, what is -564 + -35?
-599
In base 16, what is 1 - -2a8e2?
2a8e3
In base 7, what is 12 - -34051?
34063
In base 12, what is -9a8 + -158?
-b44
In base 2, what is -11110 + -10010010000?
-10010101110
In base 12, what is -2a7 - 41?
-328
In base 8, what is -1471 - -223?
-1246
In base 7, what is -16513 + 241?
-16242
In base 4, what is 102113300 - -10?
102113310
In base 3, what is 21110011000 + 11?
21110011011
In base 5, what is 143334 - -3?
143342
In base 12, what is -1 - -b227?
b226
In base 2, what is -11011100 - 1011111000?
-1111010100
In base 4, what is 10 + -1232323?
-1232313
In base 4, what is -11233313 - -301?
-11233012
In base 5, what is 3 + -2013304?
-2013301
In base 14, what is 3 - -209d?
20a2
In base 15, what is 4 - b9681?
-b967c
In base 11, what is 10 - 1143a7?
-114397
In base 16, what is 32d - 6e?
2bf
In base 4, what is -2310012122 - -3?
-2310012113
In base 14, what is -8b - -3c1?
334
In base 12, what is 23 + 461b2?
46215
In base 15, what is 469 + 2b?
495
In base 7, what is -5 - 35005?
-35013
In base 10, what is -152 - 950?
-1102
In base 8, what is -25 - -6405?
6360
In base 15, what is 0 - 672?
-672
In base 9, what is 35013 - -11?
35024
In base 4, what is 322222 + -320?
321302
In base 11, what is 0 - -35a5?
35a5
In base 14, what is 4 + 2cbb5?
2cbb9
In base 9, what is -68016 - 41?
-68057
In base 14, what is 14ac + 0?
14ac
In base 4, what is -3